{"id":49,"date":"2022-07-27T10:34:17","date_gmt":"2022-07-27T10:34:17","guid":{"rendered":"https:\/\/neo-the-portie.at\/?page_id=49"},"modified":"2022-10-10T14:06:32","modified_gmt":"2022-10-10T14:06:32","slug":"impressumdatenschutz","status":"publish","type":"page","link":"https:\/\/neo-the-portie.at\/?page_id=49","title":{"rendered":"Impressum und Datenschutz"},"content":{"rendered":"\n<p><strong>Medieninhaber und Herausgeber: <\/strong><br>Michael Koopmans und Daniela Paul<br>Hochfeldstra\u00dfe 48<br>A-8670 Krieglach<br>michaelkoopmans@gmx.at<br>paul.daniela@gmx.at<br>+43 650 9506959<br>+43 664 3307013<\/p>\n\n\n\n<p><strong>Websitebetreiber und Verantwortlicher der Datenverarbeitung<\/strong><\/p>\n\n\n\n<p>Michael Koopmans und Daniela Paul<\/p>\n\n\n\n<p><br>Mit der Nutzung unserer Website willigen Sie ein, dass wir bestimmte Daten erheben d\u00fcrfen. Im Gegenzug verpflichten wir uns, Ihre Daten nach dem aktuellen Stand der Technik zu sch\u00fctzen.<br>Ihre Daten werden von uns nicht zum Zwecke der Werbung an Dritte weitergegeben. Dritte erhalten Ihre personenbezogenen Daten von uns nur in der in diesen Datenschutzbestimmungen beschriebenen Weise.<\/p>\n\n\n\n<p><strong>Sharing<\/strong><\/p>\n\n\n\n<p>Auf unserer Website sind Share-Buttons der sozialen Netzwerke Facebook, 1601 South California Avenue, Palo Alto, CA 94304, USA, und Instagram von Instagram Inc., 1601 Willow Road, Menlo Park, CA, 94025, USA integriert. Die Share-Buttons erkennt man an dem jeweiligen Logo.<\/p>\n\n\n\n<p>Erst wenn Sie auf den jeweiligen \u201cShare Button\u201d auf unserer Website klicken (und auch nur dann), wird eine direkte Verbindung zwischen Ihrem Browser und dem Server des Betreibers des jeweiligen sozialen Netzwerkes hergestellt. Laut den Betreibern der genannten sozialen Netzwerke werden ohne einen Klick auf den jeweiligen Share-Button keine personen- und unternehmensbezogenen Daten von den sozialen Netzwerken erhoben. Nur bei eingeloggten Mitgliedern werden solche Daten, unter anderem die IP-Adresse, erhoben und verarbeitet. Sofern Sie eine Zuordnung des Besuchs auf unserer Website zu Ihrem jeweiligen Benutzerkonto des sozialen Netzwerks nicht w\u00fcnschen, loggen Sie sich bitte aus dem Benutzerkonto des jeweiligen sozialen Netzwerks aus.<\/p>\n\n\n\n<p>Wir weisen an dieser Stelle darauf hin, als Anbieter der Website keine Kenntnis vom Inhalt der \u00fcbermittelten Daten sowie deren Nutzung durch die sozialen Netzwerke zu erhalten. Weitere Informationen zur Datenverwendung durch die sozialen Netzwerke finden Sie in den Datenschutzerkl\u00e4rungen der genannten sozialen Netzwerke.<\/p>\n\n\n\n<p><strong>Erfassung anonymer Daten und Informationen<\/strong><\/p>\n\n\n\n<p>Bei jedem Zugriff eines Nutzers auf unsere Webseite, d.h. bei jedem Abruf oder Versuch eines Abrufs einer Datei auf diesem Server, werden Daten \u00fcber diesen Vorgang in einer Protokolldatei gespeichert (Logfile). Diese Daten sind nicht personenbezogen; wir k\u00f6nnen also nicht nachvollziehen, welcher Nutzer welche Daten abgerufen hat. Wir versuchen auch nicht, diese Informationen zu erheben.&nbsp;<\/p>\n\n\n\n<p>Im Einzelnen wird \u00fcber jeden Abruf folgender Datensatz gespeichert:<\/p>\n\n\n\n<ul class=\"wp-block-list\"><li>Name der abgerufenen Datei<\/li><li>Datum und Uhrzeit des Abrufs<\/li><li>\u00fcbertragene Datenmenge<\/li><li>Meldung, ob der Abruf erfolgreich war<\/li><li>Meldung, warum ein Abruf ggf. fehlgeschlagen ist<\/li><li>der Name Ihres Internet Service Providers, \u00fcber den Sie auf unsere Website gelangen<\/li><li>ggfs. Betriebssystem und Browsersoftware Ihres Computers sowie<\/li><li>die Webseite von der aus Sie uns besuchen.<\/li><\/ul>\n\n\n\n<p>Alle genannten Daten werden nur zu statistischen Zwecken von uns und von uns beauftragten Auftragsverarbeitern, ausgewertet. Wir nutzen diese Daten, um unsere Webseite f\u00fcr Sie noch besser zu machen.<\/p>\n\n\n\n<p><strong>Ihre Rechte als von der Datenverarbeitung betroffene Person<\/strong><\/p>\n\n\n\n<p><strong>1 Recht auf Best\u00e4tigung<\/strong><\/p>\n\n\n\n<p>Als betroffene Person haben Sie das Recht, von uns eine Best\u00e4tigung dar\u00fcber zu verlangen, ob Sie betreffende personenbezogene Daten von uns verarbeitet werden. <\/p>\n\n\n\n<p><strong>2\u00a0Recht auf Auskunft<\/strong><\/p>\n\n\n\n<p>Als betroffene Person haben Sie das Recht, von uns jederzeit unentgeltliche Auskunft \u00fcber die zu Ihrer Person gespeicherten personenbezogenen Daten und eine Kopie dieser Auskunft zu erhalten. <\/p>\n\n\n\n<p><strong>Ihr Recht auf Auskunft umfasst<\/strong>&nbsp;<strong>folgende Informationen<\/strong>:<\/p>\n\n\n\n<ul class=\"wp-block-list\"><li>die Verarbeitungszwecke,<\/li><li>die Kategorien personenbezogener Daten, die von uns verarbeitet werden,<\/li><li>die Empf\u00e4nger oder Kategorien von Empf\u00e4ngern, gegen\u00fcber denen die personenbezogenen Daten offengelegt worden sind oder noch offengelegt werden,<\/li><li>falls m\u00f6glich die geplante Dauer, f\u00fcr welche Ihre personenbezogenen Daten gespeichert werden, oder, falls dies nicht m\u00f6glich ist, die Kriterien f\u00fcr die Festlegung dieser Dauer,<\/li><li>das Bestehen Ihres Rechts auf Berichtigung oder L\u00f6schung der Sie betreffenden personenbezogenen Daten oder auf Einschr\u00e4nkung der Verarbeitung durch uns als Verantwortlichen oder Ihres Widerspruchsrechts gegen diese Verarbeitung<\/li><li>das Bestehen eines Beschwerderechts bei der \u00f6st. Datenschutzbeh\u00f6rde als Aufsichtsbeh\u00f6rde<\/li><\/ul>\n\n\n\n<p>sofern Ihre personenbezogenen Daten nicht bei Ihnen als betroffene Person erhoben werden: Alle verf\u00fcgbaren Informationen \u00fcber die Herkunft dieser Daten.<\/p>\n\n\n\n<p>Im Rahmen des Betriebs unserer Websites beauftragen wir Softwaredienstleister und Agenturen, die im Zuge ihrer T\u00e4tigkeiten Zugriff auf Ihre personenbezogenen Daten erlangen k\u00f6nnen. Diese haben sich zur Einhaltung der geltenden datenschutzrechtlichen Bestimmungen uns gegen\u00fcber verpflichtet.&nbsp;<\/p>\n\n\n\n<p>Ferner steht Ihnen als betroffene Person ein Auskunftsrecht dar\u00fcber zu, ob Ihre personenbezogenen Daten an ein Drittland oder an eine internationale Organisation \u00fcbermittelt wurden. Sofern dies der Fall ist, so steht Ihnen als betroffene Person das Recht zu, Auskunft \u00fcber die geeigneten Garantien im Zusammenhang mit der \u00dcbermittlung zu erhalten.<\/p>\n\n\n\n<p><strong>3\u00a0Recht auf Berichtigung<\/strong><\/p>\n\n\n\n<p>Als betroffene Person haben Sie das Recht, von uns die unverz\u00fcgliche Berichtigung sie betreffender unrichtiger personenbezogener Daten zu verlangen.<\/p>\n\n\n\n<p><strong>4<\/strong>\u00a0<strong>Recht auf L\u00f6schung (Recht auf Vergessen werden)<\/strong><\/p>\n\n\n\n<p>Als betroffene Person haben Sie das Recht, von uns zu verlangen, dass die Sie betreffenden personenbezogenen Daten unverz\u00fcglich gel\u00f6scht werden, sofern einer der folgenden Gr\u00fcnde zutrifft und soweit die Verarbeitung nicht erforderlich ist:<\/p>\n\n\n\n<p>Ihre personenbezogenen Daten wurden f\u00fcr solche Zwecke erhoben oder auf sonstige Weise verarbeitet, f\u00fcr welche sie nicht mehr notwendig sind.<\/p>\n\n\n\n<p>Als betroffene Person widerrufen Sie Ihre Einwilligung, auf die sich die Verarbeitung gem\u00e4\u00df Art. 6 Abs. 1 Buchstabe a) DSGVO oder Art. 9 Abs. 2 Buchstabe a) DSGVO st\u00fctzte, und es fehlt an einer anderweitigen Rechtsgrundlage f\u00fcr die Verarbeitung.<\/p>\n\n\n\n<p>Als betroffene Person legen Sie gem\u00e4\u00df Art. 21 Abs. 1 DSGVO Widerspruch gegen die Verarbeitung ein, und es liegen keine vorrangigen berechtigten Gr\u00fcnde f\u00fcr die Verarbeitung vor, oder als betroffene Person legen Sie gem\u00e4\u00df Art. 21 Abs. 2 DSGVO Widerspruch gegen die Verarbeitung ein.<\/p>\n\n\n\n<p>Ihre personenbezogenen Daten wurden unrechtm\u00e4\u00dfig verarbeitet.<\/p>\n\n\n\n<p>Die L\u00f6schung Ihrer personenbezogenen Daten ist zur Erf\u00fcllung einer rechtlichen Verpflichtung nach dem Unionsrecht oder dem Recht der Republik \u00d6sterreich erforderlich, dem wir als Verantwortlicher unterliegen.<\/p>\n\n\n\n<p>Sofern einer der oben genannten Gr\u00fcnde zutrifft und Sie als betroffene Person, deren personenbezogene Daten bei der Steirischen Tourismus GmbH gespeichert sind, die L\u00f6schung dieser Daten veranlassen m\u00f6chten, k\u00f6nnen Sie sich hierzu jederzeit an uns unter info@muerzeroberland.at wenden.<\/p>\n\n\n\n<p><strong>5\u00a0Recht auf Einschr\u00e4nkung der Verarbeitung<\/strong><\/p>\n\n\n\n<p>Als von der Verarbeitung personenbezogener Daten betroffene Person haben Sie das Recht, von uns als Verantwortlichem die Einschr\u00e4nkung der Verarbeitung zu verlangen, wenn eine der folgenden Voraussetzungen gegeben ist:<\/p>\n\n\n\n<p>Die Richtigkeit der personenbezogenen Daten wird von Ihnen als betroffener Person bestritten, und zwar f\u00fcr eine Dauer, die es uns als Verantwortlichem erm\u00f6glicht, die Richtigkeit Ihrer personenbezogenen Daten zu \u00fcberpr\u00fcfen.<\/p>\n\n\n\n<p>Die Verarbeitung ist unrechtm\u00e4\u00dfig, und Sie als betroffene Person lehnen die L\u00f6schung Ihrer personenbezogenen Daten ab und verlangen stattdessen die Einschr\u00e4nkung der Nutzung Ihrer personenbezogenen Daten.<\/p>\n\n\n\n<p>Wir als Verantwortlicher ben\u00f6tigen Ihre personenbezogenen Daten f\u00fcr die Zwecke der Verarbeitung nicht l\u00e4nger, Sie als betroffene Person ben\u00f6tigen sie jedoch zur Geltendmachung, Aus\u00fcbung oder Verteidigung von Rechtsanspr\u00fcchen.<\/p>\n\n\n\n<p>Sie als betroffene Person haben Widerspruch gegen die Verarbeitung gem. Art. 21 Abs. 1 DSGVO eingelegt und es steht noch nicht fest, ob die berechtigten Gr\u00fcnde des Verantwortlichen gegen\u00fcber denen der betroffenen Person \u00fcberwiegen.<\/p>\n\n\n\n<p>Sofern einer der oben genannten Gr\u00fcnde zutrifft und Sie als betroffene Person, deren personenbezogene Daten bei der Steirischen Tourismus GmbH gespeichert sind, die Einschr\u00e4nkung der Verarbeitung dieser Daten veranlassen m\u00f6chten, k\u00f6nnen Sie sich hierzu jederzeit an uns unter info@muerzeroberland.at wenden.<\/p>\n\n\n\n<p><strong>6<\/strong>\u00a0<strong>Ihr Recht auf Daten\u00fcbertragbarkeit<\/strong><\/p>\n\n\n\n<p>Als von der Verarbeitung personenbezogener Daten betroffene Person haben Sie das Recht, die Sie betreffenden personenbezogenen Daten, welche durch Sie als betroffene Person uns als Verantwortlichem bereitgestellt wurden, in einem strukturierten, g\u00e4ngigen und maschinenlesbaren Format zu erhalten. Sie haben au\u00dferdem das Recht, diese Daten einem anderen Verantwortlichen ohne Behinderung durch uns zu \u00fcbermitteln, sofern die Verarbeitung auf der Einwilligung gem\u00e4\u00df Art. 6 Abs. 1 Buchstabe a) DSGVO oder Art. 9 Abs. 2 Buchstabe a) DSGVO oder auf einem Vertrag gem\u00e4\u00df Art. 6 Abs. 1 Buchstabe b) DSGVO beruht und die Verarbeitung mithilfe automatisierter Verfahren erfolgt, sofern die Verarbeitung nicht f\u00fcr die Wahrnehmung einer Aufgabe erforderlich ist, die im \u00f6ffentlichen Interesse liegt oder in Aus\u00fcbung \u00f6ffentlicher Gewalt erfolgt, welche dem Verantwortlichen \u00fcbertragen wurde.<\/p>\n\n\n\n<p>Ferner haben Sie als betroffene Person bei der Aus\u00fcbung Ihres Rechts auf Daten\u00fcbertragbarkeit gem\u00e4\u00df Art. 20 Abs. 1 DSGVO das Recht, zu erwirken, dass Ihre personenbezogenen Daten direkt von uns als Verantwortlichem an einen anderen Verantwortlichen \u00fcbermittelt werden, soweit dies technisch machbar ist und sofern hiervon nicht die Rechte und Freiheiten anderer Personen beeintr\u00e4chtigt werden.<\/p>\n\n\n\n<p><strong>7\u00a0Recht auf Widerspruch<\/strong><\/p>\n\n\n\n<p>Als betroffene Person haben Sie das Recht, aus Gr\u00fcnden, die sich aus ihrer besonderen Situation ergeben, jederzeit gegen die Verarbeitung Sie betreffender personenbezogener Daten, die aufgrund von Art. 6 Abs. 1 Buchstaben e) oder f) DSGVO erfolgt, Widerspruch einzulegen. Soweit wir Ihre personenbezogenen Daten verarbeiten, um Direktwerbung zu betreiben, haben Sie als betroffene Person das Recht, jederzeit Widerspruch gegen die Verarbeitung der personenbezogenen Daten zum Zwecke derartiger Werbung einzulegen.<\/p>\n","protected":false},"excerpt":{"rendered":"<p>Medieninhaber und Herausgeber: Michael Koopmans und Daniela PaulHochfeldstra\u00dfe 48A-8670 Krieglachmichaelkoopmans@gmx.atpaul.daniela@gmx.at+43 650 9506959+43 664 3307013 Websitebetreiber und Verantwortlicher der Datenverarbeitung Michael Koopmans und Daniela Paul Mit der Nutzung unserer Website willigen Sie ein, dass wir bestimmte Daten erheben d\u00fcrfen. Im Gegenzug verpflichten wir uns, Ihre Daten nach dem aktuellen Stand der Technik zu sch\u00fctzen.Ihre Daten werden [&hellip;]<\/p>\n","protected":false},"author":1,"featured_media":0,"parent":0,"menu_order":0,"comment_status":"closed","ping_status":"closed","template":"","meta":{"footnotes":""},"class_list":["post-49","page","type-page","status-publish","hentry"],"_links":{"self":[{"href":"https:\/\/neo-the-portie.at\/index.php?rest_route=\/wp\/v2\/pages\/49","targetHints":{"allow":["GET"]}}],"collection":[{"href":"https:\/\/neo-the-portie.at\/index.php?rest_route=\/wp\/v2\/pages"}],"about":[{"href":"https:\/\/neo-the-portie.at\/index.php?rest_route=\/wp\/v2\/types\/page"}],"author":[{"embeddable":true,"href":"https:\/\/neo-the-portie.at\/index.php?rest_route=\/wp\/v2\/users\/1"}],"replies":[{"embeddable":true,"href":"https:\/\/neo-the-portie.at\/index.php?rest_route=%2Fwp%2Fv2%2Fcomments&post=49"}],"version-history":[{"count":9,"href":"https:\/\/neo-the-portie.at\/index.php?rest_route=\/wp\/v2\/pages\/49\/revisions"}],"predecessor-version":[{"id":582,"href":"https:\/\/neo-the-portie.at\/index.php?rest_route=\/wp\/v2\/pages\/49\/revisions\/582"}],"wp:attachment":[{"href":"https:\/\/neo-the-portie.at\/index.php?rest_route=%2Fwp%2Fv2%2Fmedia&parent=49"}],"curies":[{"name":"wp","href":"https:\/\/api.w.org\/{rel}","templated":true}]}}